{"id":895,"date":"2018-11-06T15:51:28","date_gmt":"2018-11-06T15:51:28","guid":{"rendered":"http:\/\/utbildning.fn.se\/glokala-sverige\/?page_id=895"},"modified":"2021-01-29T10:40:58","modified_gmt":"2021-01-29T10:40:58","slug":"synpunkter","status":"publish","type":"page","link":"https:\/\/utbildning.fn.se\/glokala-sverige\/synpunkter\/","title":{"rendered":"Synpunkter"},"content":{"rendered":"<p>Om du har synpunkter p\u00e5 inneh\u00e5ll eller teknisk funktion av utbildningen skicka dem g\u00e4rna till <a href=\"mailto:agenda2030@fn.se\">agenda2030@fn.se<\/a><\/p>\n","protected":false},"excerpt":{"rendered":"<p>Om du har synpunkter p\u00e5 inneh\u00e5ll eller teknisk funktion av utbildningen skicka dem g\u00e4rna till agenda2030@fn.se<\/p>\n","protected":false},"author":2,"featured_media":1043,"parent":0,"menu_order":10,"comment_status":"closed","ping_status":"closed","template":"","meta":{"_acf_changed":false,"_monsterinsights_skip_tracking":false,"_monsterinsights_sitenote_active":false,"_monsterinsights_sitenote_note":"","_monsterinsights_sitenote_category":0,"footnotes":""},"class_list":["post-895","page","type-page","status-publish","has-post-thumbnail","hentry"],"acf":[],"yoast_head":"<!-- This site is optimized with the Yoast SEO plugin v27.5 - https:\/\/yoast.com\/product\/yoast-seo-wordpress\/ -->\n<title>Synpunkter - Glokala Sverige<\/title>\n<meta name=\"robots\" content=\"index, follow, max-snippet:-1, max-image-preview:large, max-video-preview:-1\" \/>\n<link rel=\"canonical\" href=\"https:\/\/utbildning.fn.se\/glokala-sverige\/synpunkter\/\" \/>\n<meta property=\"og:locale\" content=\"sv_SE\" \/>\n<meta property=\"og:type\" content=\"article\" \/>\n<meta property=\"og:title\" content=\"Synpunkter - Glokala Sverige\" \/>\n<meta property=\"og:description\" content=\"Om du har synpunkter p\u00e5 inneh\u00e5ll eller teknisk funktion av utbildningen skicka dem g\u00e4rna till agenda2030@fn.se\" \/>\n<meta property=\"og:url\" content=\"https:\/\/utbildning.fn.se\/glokala-sverige\/synpunkter\/\" \/>\n<meta property=\"og:site_name\" content=\"Glokala Sverige\" \/>\n<meta property=\"article:modified_time\" content=\"2021-01-29T10:40:58+00:00\" \/>\n<meta property=\"og:image\" content=\"https:\/\/utbildning.fn.se\/glokala-sverige\/wp-content\/uploads\/sites\/2\/2018\/11\/Synpunkter.jpg\" \/>\n\t<meta property=\"og:image:width\" content=\"1920\" \/>\n\t<meta property=\"og:image:height\" content=\"540\" \/>\n\t<meta property=\"og:image:type\" content=\"image\/jpeg\" \/>\n<meta name=\"twitter:card\" content=\"summary_large_image\" \/>\n<script type=\"application\/ld+json\" class=\"yoast-schema-graph\">{\"@context\":\"https:\\\/\\\/schema.org\",\"@graph\":[{\"@type\":\"WebPage\",\"@id\":\"https:\\\/\\\/utbildning.fn.se\\\/glokala-sverige\\\/synpunkter\\\/\",\"url\":\"https:\\\/\\\/utbildning.fn.se\\\/glokala-sverige\\\/synpunkter\\\/\",\"name\":\"Synpunkter - Glokala Sverige\",\"isPartOf\":{\"@id\":\"https:\\\/\\\/utbildning.fn.se\\\/glokala-sverige\\\/#website\"},\"primaryImageOfPage\":{\"@id\":\"https:\\\/\\\/utbildning.fn.se\\\/glokala-sverige\\\/synpunkter\\\/#primaryimage\"},\"image\":{\"@id\":\"https:\\\/\\\/utbildning.fn.se\\\/glokala-sverige\\\/synpunkter\\\/#primaryimage\"},\"thumbnailUrl\":\"https:\\\/\\\/utbildning.fn.se\\\/glokala-sverige\\\/wp-content\\\/uploads\\\/sites\\\/2\\\/2018\\\/11\\\/Synpunkter.jpg\",\"datePublished\":\"2018-11-06T15:51:28+00:00\",\"dateModified\":\"2021-01-29T10:40:58+00:00\",\"breadcrumb\":{\"@id\":\"https:\\\/\\\/utbildning.fn.se\\\/glokala-sverige\\\/synpunkter\\\/#breadcrumb\"},\"inLanguage\":\"sv-SE\",\"potentialAction\":[{\"@type\":\"ReadAction\",\"target\":[\"https:\\\/\\\/utbildning.fn.se\\\/glokala-sverige\\\/synpunkter\\\/\"]}]},{\"@type\":\"ImageObject\",\"inLanguage\":\"sv-SE\",\"@id\":\"https:\\\/\\\/utbildning.fn.se\\\/glokala-sverige\\\/synpunkter\\\/#primaryimage\",\"url\":\"https:\\\/\\\/utbildning.fn.se\\\/glokala-sverige\\\/wp-content\\\/uploads\\\/sites\\\/2\\\/2018\\\/11\\\/Synpunkter.jpg\",\"contentUrl\":\"https:\\\/\\\/utbildning.fn.se\\\/glokala-sverige\\\/wp-content\\\/uploads\\\/sites\\\/2\\\/2018\\\/11\\\/Synpunkter.jpg\",\"width\":1920,\"height\":540,\"caption\":\"Foto: Emily Morter\\\/Unsplash\"},{\"@type\":\"BreadcrumbList\",\"@id\":\"https:\\\/\\\/utbildning.fn.se\\\/glokala-sverige\\\/synpunkter\\\/#breadcrumb\",\"itemListElement\":[{\"@type\":\"ListItem\",\"position\":1,\"name\":\"Home\",\"item\":\"https:\\\/\\\/utbildning.fn.se\\\/glokala-sverige\\\/\"},{\"@type\":\"ListItem\",\"position\":2,\"name\":\"Synpunkter\"}]},{\"@type\":\"WebSite\",\"@id\":\"https:\\\/\\\/utbildning.fn.se\\\/glokala-sverige\\\/#website\",\"url\":\"https:\\\/\\\/utbildning.fn.se\\\/glokala-sverige\\\/\",\"name\":\"Glokala Sverige\",\"description\":\"Agenda 2030 i kommuner landsting och regioner\",\"publisher\":{\"@id\":\"https:\\\/\\\/utbildning.fn.se\\\/glokala-sverige\\\/#organization\"},\"potentialAction\":[{\"@type\":\"SearchAction\",\"target\":{\"@type\":\"EntryPoint\",\"urlTemplate\":\"https:\\\/\\\/utbildning.fn.se\\\/glokala-sverige\\\/?s={search_term_string}\"},\"query-input\":{\"@type\":\"PropertyValueSpecification\",\"valueRequired\":true,\"valueName\":\"search_term_string\"}}],\"inLanguage\":\"sv-SE\"},{\"@type\":\"Organization\",\"@id\":\"https:\\\/\\\/utbildning.fn.se\\\/glokala-sverige\\\/#organization\",\"name\":\"Glokala Sverige\",\"url\":\"https:\\\/\\\/utbildning.fn.se\\\/glokala-sverige\\\/\",\"logo\":{\"@type\":\"ImageObject\",\"inLanguage\":\"sv-SE\",\"@id\":\"https:\\\/\\\/utbildning.fn.se\\\/glokala-sverige\\\/#\\\/schema\\\/logo\\\/image\\\/\",\"url\":\"https:\\\/\\\/utbildning.fn.se\\\/glokala-sverige\\\/wp-content\\\/uploads\\\/sites\\\/2\\\/2018\\\/09\\\/logo-111.png\",\"contentUrl\":\"https:\\\/\\\/utbildning.fn.se\\\/glokala-sverige\\\/wp-content\\\/uploads\\\/sites\\\/2\\\/2018\\\/09\\\/logo-111.png\",\"width\":220,\"height\":393,\"caption\":\"Glokala Sverige\"},\"image\":{\"@id\":\"https:\\\/\\\/utbildning.fn.se\\\/glokala-sverige\\\/#\\\/schema\\\/logo\\\/image\\\/\"}}]}<\/script>\n<!-- \/ Yoast SEO plugin. -->","yoast_head_json":{"title":"Synpunkter - Glokala Sverige","robots":{"index":"index","follow":"follow","max-snippet":"max-snippet:-1","max-image-preview":"max-image-preview:large","max-video-preview":"max-video-preview:-1"},"canonical":"https:\/\/utbildning.fn.se\/glokala-sverige\/synpunkter\/","og_locale":"sv_SE","og_type":"article","og_title":"Synpunkter - Glokala Sverige","og_description":"Om du har synpunkter p\u00e5 inneh\u00e5ll eller teknisk funktion av utbildningen skicka dem g\u00e4rna till agenda2030@fn.se","og_url":"https:\/\/utbildning.fn.se\/glokala-sverige\/synpunkter\/","og_site_name":"Glokala Sverige","article_modified_time":"2021-01-29T10:40:58+00:00","og_image":[{"width":1920,"height":540,"url":"https:\/\/utbildning.fn.se\/glokala-sverige\/wp-content\/uploads\/sites\/2\/2018\/11\/Synpunkter.jpg","type":"image\/jpeg"}],"twitter_card":"summary_large_image","schema":{"@context":"https:\/\/schema.org","@graph":[{"@type":"WebPage","@id":"https:\/\/utbildning.fn.se\/glokala-sverige\/synpunkter\/","url":"https:\/\/utbildning.fn.se\/glokala-sverige\/synpunkter\/","name":"Synpunkter - Glokala Sverige","isPartOf":{"@id":"https:\/\/utbildning.fn.se\/glokala-sverige\/#website"},"primaryImageOfPage":{"@id":"https:\/\/utbildning.fn.se\/glokala-sverige\/synpunkter\/#primaryimage"},"image":{"@id":"https:\/\/utbildning.fn.se\/glokala-sverige\/synpunkter\/#primaryimage"},"thumbnailUrl":"https:\/\/utbildning.fn.se\/glokala-sverige\/wp-content\/uploads\/sites\/2\/2018\/11\/Synpunkter.jpg","datePublished":"2018-11-06T15:51:28+00:00","dateModified":"2021-01-29T10:40:58+00:00","breadcrumb":{"@id":"https:\/\/utbildning.fn.se\/glokala-sverige\/synpunkter\/#breadcrumb"},"inLanguage":"sv-SE","potentialAction":[{"@type":"ReadAction","target":["https:\/\/utbildning.fn.se\/glokala-sverige\/synpunkter\/"]}]},{"@type":"ImageObject","inLanguage":"sv-SE","@id":"https:\/\/utbildning.fn.se\/glokala-sverige\/synpunkter\/#primaryimage","url":"https:\/\/utbildning.fn.se\/glokala-sverige\/wp-content\/uploads\/sites\/2\/2018\/11\/Synpunkter.jpg","contentUrl":"https:\/\/utbildning.fn.se\/glokala-sverige\/wp-content\/uploads\/sites\/2\/2018\/11\/Synpunkter.jpg","width":1920,"height":540,"caption":"Foto: Emily Morter\/Unsplash"},{"@type":"BreadcrumbList","@id":"https:\/\/utbildning.fn.se\/glokala-sverige\/synpunkter\/#breadcrumb","itemListElement":[{"@type":"ListItem","position":1,"name":"Home","item":"https:\/\/utbildning.fn.se\/glokala-sverige\/"},{"@type":"ListItem","position":2,"name":"Synpunkter"}]},{"@type":"WebSite","@id":"https:\/\/utbildning.fn.se\/glokala-sverige\/#website","url":"https:\/\/utbildning.fn.se\/glokala-sverige\/","name":"Glokala Sverige","description":"Agenda 2030 i kommuner landsting och regioner","publisher":{"@id":"https:\/\/utbildning.fn.se\/glokala-sverige\/#organization"},"potentialAction":[{"@type":"SearchAction","target":{"@type":"EntryPoint","urlTemplate":"https:\/\/utbildning.fn.se\/glokala-sverige\/?s={search_term_string}"},"query-input":{"@type":"PropertyValueSpecification","valueRequired":true,"valueName":"search_term_string"}}],"inLanguage":"sv-SE"},{"@type":"Organization","@id":"https:\/\/utbildning.fn.se\/glokala-sverige\/#organization","name":"Glokala Sverige","url":"https:\/\/utbildning.fn.se\/glokala-sverige\/","logo":{"@type":"ImageObject","inLanguage":"sv-SE","@id":"https:\/\/utbildning.fn.se\/glokala-sverige\/#\/schema\/logo\/image\/","url":"https:\/\/utbildning.fn.se\/glokala-sverige\/wp-content\/uploads\/sites\/2\/2018\/09\/logo-111.png","contentUrl":"https:\/\/utbildning.fn.se\/glokala-sverige\/wp-content\/uploads\/sites\/2\/2018\/09\/logo-111.png","width":220,"height":393,"caption":"Glokala Sverige"},"image":{"@id":"https:\/\/utbildning.fn.se\/glokala-sverige\/#\/schema\/logo\/image\/"}}]}},"_links":{"self":[{"href":"https:\/\/utbildning.fn.se\/glokala-sverige\/wp-json\/wp\/v2\/pages\/895","targetHints":{"allow":["GET"]}}],"collection":[{"href":"https:\/\/utbildning.fn.se\/glokala-sverige\/wp-json\/wp\/v2\/pages"}],"about":[{"href":"https:\/\/utbildning.fn.se\/glokala-sverige\/wp-json\/wp\/v2\/types\/page"}],"author":[{"embeddable":true,"href":"https:\/\/utbildning.fn.se\/glokala-sverige\/wp-json\/wp\/v2\/users\/2"}],"replies":[{"embeddable":true,"href":"https:\/\/utbildning.fn.se\/glokala-sverige\/wp-json\/wp\/v2\/comments?post=895"}],"version-history":[{"count":4,"href":"https:\/\/utbildning.fn.se\/glokala-sverige\/wp-json\/wp\/v2\/pages\/895\/revisions"}],"predecessor-version":[{"id":900,"href":"https:\/\/utbildning.fn.se\/glokala-sverige\/wp-json\/wp\/v2\/pages\/895\/revisions\/900"}],"wp:featuredmedia":[{"embeddable":true,"href":"https:\/\/utbildning.fn.se\/glokala-sverige\/wp-json\/wp\/v2\/media\/1043"}],"wp:attachment":[{"href":"https:\/\/utbildning.fn.se\/glokala-sverige\/wp-json\/wp\/v2\/media?parent=895"}],"curies":[{"name":"wp","href":"https:\/\/api.w.org\/{rel}","templated":true}]}}